{"id":1427,"date":"2024-02-19T17:29:00","date_gmt":"2024-02-19T23:29:00","guid":{"rendered":"https:\/\/carpls.org\/?page_id=1427"},"modified":"2024-02-21T00:07:49","modified_gmt":"2024-02-21T06:07:49","slug":"qa-con-pat-wrona","status":"publish","type":"page","link":"https:\/\/carpls.org\/es\/qa-con-pat-wrona\/","title":{"rendered":"Entrevista con Pat Wrona"},"content":{"rendered":"<div class=\"wp-block-columns is-layout-flex wp-container-core-columns-is-layout-8f761849 wp-block-columns-is-layout-flex\">\n<div class=\"wp-block-column is-layout-flow wp-block-column-is-layout-flow\" style=\"flex-basis:33.33%\">\n<figure class=\"wp-block-image size-full\"><img loading=\"lazy\" decoding=\"async\" width=\"736\" height=\"878\" src=\"https:\/\/carpls.org\/wp-content\/uploads\/Screenshot-2024-02-19-at-5.17.59-PM.png\" alt=\"\" class=\"wp-image-1428\" srcset=\"https:\/\/carpls.org\/wp-content\/uploads\/Screenshot-2024-02-19-at-5.17.59-PM.png 736w, https:\/\/carpls.org\/wp-content\/uploads\/Screenshot-2024-02-19-at-5.17.59-PM-251x300.png 251w, https:\/\/carpls.org\/wp-content\/uploads\/Screenshot-2024-02-19-at-5.17.59-PM-10x12.png 10w\" sizes=\"auto, (max-width: 736px) 100vw, 736px\" \/><\/figure>\n<\/div>\n\n\n\n<div class=\"wp-block-column is-layout-flow wp-block-column-is-layout-flow\" style=\"flex-basis:66.66%\">\n<p class=\"wp-block-paragraph\"><strong>Pat Wrona<\/strong> es la Directora de Servicios Jur\u00eddicos de CARPLS, donde trabaja desde 1995. Supervisa una plantilla de 50 personas que prestan servicios en trece \u00e1reas de pr\u00e1ctica y realizan m\u00e1s de 85.000 consultas al a\u00f1o. Bajo su liderazgo, CARPLS se ha convertido en un l\u00edder nacional en la innovaci\u00f3n de la prestaci\u00f3n de servicios jur\u00eddicos. Pat es experta en derecho laboral y, durante la pandemia, cre\u00f3 BennyFits Illinois, un asistente virtual que ayuda a miles de personas a sortear el desempleo. Se asegur\u00f3 de que CARPLS pasara sin problemas a un modelo virtual y ampli\u00f3 sus servicios para desempe\u00f1ar un papel central en diversos proyectos, aportando una ayuda fundamental a muchas personas. Como profesora adjunta y a trav\u00e9s de varias funciones de comit\u00e9, Pat comparte su pasi\u00f3n por la ley de inter\u00e9s p\u00fablico. En 2022, Pat recibi\u00f3 el Premio Thomas H. Morsch al Servicio P\u00fablico. <\/p>\n<\/div>\n<\/div>\n\n\n\n<p class=\"wp-block-paragraph\"><strong>\u00bfC\u00f3mo fue empezar en CARPLS, que era la primera organizaci\u00f3n de este tipo?<\/strong><\/p>\n\n\n\n<p class=\"wp-block-paragraph\">Empec\u00e9 en octubre de 1995. Hab\u00eda trabajado en grandes despachos de abogados y dos a\u00f1os antes hab\u00eda fundado mi propio bufete con un socio. Y una cosa que era muy importante para m\u00ed, que no hab\u00eda podido hacer en los bufetes en los que hab\u00eda trabajado, era el trabajo pro bono. Lo que hab\u00eda hecho pro bono no se fomentaba en esa \u00e9poca, as\u00ed que siempre quise hacer algo que devolviera a la comunidad. Hab\u00eda trabajado en la cl\u00ednica jur\u00eddica de mi facultad de Derecho en DePaul y me hab\u00eda gustado el trabajo. Y al tener mi propio bufete, me llegaba gente que no pod\u00eda pagarme. As\u00ed que, en cierto modo, estaba haciendo pro bono involuntario para algunos clientes, y me di cuenta de la gran necesidad que hab\u00eda.<\/p>\n\n\n\n<p class=\"wp-block-paragraph\"><strong>\u00bfC\u00f3mo conoci\u00f3 CARPLS?<\/strong><\/p>\n\n\n\n<p class=\"wp-block-paragraph\">Vi un anuncio en el Chicago Daily Law Bulletin que buscaba abogados de asistencia jur\u00eddica en una organizaci\u00f3n llamada CARPLS. Pens\u00e9 que ser\u00eda divertido hablar en una l\u00ednea de asistencia jur\u00eddica. Y realmente me encant\u00f3 la visi\u00f3n de MaryAnn Sarosi. En aquel entonces, todo el mundo trabajaba a tiempo parcial, no era realmente una carrera para nadie. \u00c9ramos una especie de personal itinerante. Us\u00e1bamos un programa DOS, bastante avanzado para la \u00e9poca. Habl\u00e1bamos con los clientes, analiz\u00e1bamos su situaci\u00f3n y los deriv\u00e1bamos a otro programa de asistencia jur\u00eddica. Cuando CARPLS empez\u00f3, \u00e9ramos los nuevos, el chico nuevo de la ciudad. Siempre nos llamaba mucha gente y trat\u00e1bamos de trabajar r\u00e1pido, pero entonces era m\u00e1s dif\u00edcil porque no ten\u00edamos la tecnolog\u00eda que nos respaldaba. Bromeamos mucho sobre c\u00f3mo eran los viejos tiempos. Recib\u00edamos una especie de formaci\u00f3n intensiva de dos semanas sobre todas las \u00e1reas del Derecho, y nos daban un mont\u00f3n de folletos. Cuando recib\u00edamos una llamada sobre un tema, pas\u00e1bamos a esa materia. Fue una \u00e9poca muy diferente, pero muy divertida. Sab\u00edamos que est\u00e1bamos haciendo algo nuevo, diferente y creativo. Y aunque lo hac\u00eda un d\u00eda a la semana, los mi\u00e9rcoles, realmente encendi\u00f3 en m\u00ed un fuego sobre el trabajo de inter\u00e9s p\u00fablico que nunca hab\u00eda tenido la oportunidad de hacer mucho debido a mi formaci\u00f3n.<\/p>\n\n\n\n<p class=\"wp-block-paragraph\"><strong>\u00bfC\u00f3mo acab\u00f3 siendo Director Jur\u00eddico?<\/strong><\/p>\n\n\n\n<p class=\"wp-block-paragraph\">Me convert\u00ed en Director Jur\u00eddico en el verano de 2007. Con el paso de los a\u00f1os me he ido sintiendo cada vez m\u00e1s atra\u00eddo.<\/p>\n\n\n\n<p class=\"wp-block-paragraph\">Lo que hacemos aqu\u00ed es convincente, realmente convincente. S\u00f3lo quer\u00eda participar en el papel fundamental que desempe\u00f1amos aqu\u00ed. Porque he llegado a comprender realmente c\u00f3mo el acceso a la justicia tiene que empezar por tener la oportunidad de hablar con un abogado. No hay acceso a la justicia sin esa primera pieza. 60% de las personas que nos llaman no han hablado nunca con un abogado en su vida, y eso me parece un error teniendo en cuenta la cantidad de problemas jur\u00eddicos que existen.<\/p>\n\n\n\n<p class=\"wp-block-paragraph\">Podemos ser muy tecnol\u00f3gicos y podemos hacer zoom con la gente, pero lo que est\u00e1 en el coraz\u00f3n de lo que hacemos es esa relaci\u00f3n personal, de ida y vuelta, entre abogado y cliente. Y creo que muchas de las personas que trabajan aqu\u00ed obtienen una gran satisfacci\u00f3n personal de ese tipo de encuentro personal que tenemos.<\/p>\n\n\n\n<p class=\"wp-block-paragraph\"><strong>\u00bfEn qu\u00e9 se diferenciaba el funcionamiento de entonces del actual?<\/strong><\/p>\n\n\n\n<p class=\"wp-block-paragraph\">Creo que CARPLS cambi\u00f3 mucho a principios de la d\u00e9cada de 2000. Porque mucha gente que trabajaba a tiempo parcial pas\u00f3 a hacerlo a tiempo completo. Tambi\u00e9n hemos mantenido siempre mucha flexibilidad. Nos convertimos en un lugar propicio para tener hijos y ser abogado al mismo tiempo, para la gente que trabajaba aqu\u00ed y que ten\u00eda hijos peque\u00f1os y pod\u00eda trabajar a tiempo parcial. No hab\u00eda muchas oportunidades para eso en aquella \u00e9poca, y yo dir\u00eda que todav\u00eda no las hay. As\u00ed que ha sido un buen hilo conductor.<\/p>\n\n\n\n<p class=\"wp-block-paragraph\"><strong>\u00bfCu\u00e1ndo empez\u00f3 a sentir que CARPLS era un l\u00edder en asistencia jur\u00eddica, el servicio de primera l\u00ednea que describimos ahora?<\/strong><\/p>\n\n\n\n<p class=\"wp-block-paragraph\">Parece como si hubi\u00e9ramos pasado buena parte de los primeros 20 a\u00f1os demostrando nuestra necesidad y nuestro valor, que lo que hac\u00edamos ayudaba al panorama de la asistencia jur\u00eddica. Est\u00e1bamos encantados de hacer siempre una derivaci\u00f3n, y las que pod\u00edamos hacer sol\u00edan ser buenas derivaciones, as\u00ed que creo que esa buena voluntad se fue acumulando con el tiempo.<\/p>\n\n\n\n<p class=\"wp-block-paragraph\">Durante un tiempo, todo el mundo en la asistencia jur\u00eddica estaba haciendo su cosa, y hacerlo muy bien, pero sin mucha conectividad entre ellos, y luego en 2017 IL-AFLAN lleg\u00f3. Y ahora el sistema estaba respaldando este tipo de concepto, que va a haber una puerta de entrada, y CARPLS va a hacer los servicios legales breves, an\u00e1lisis y asesoramiento. Y luego va a haber socios de la red que van a tomar referencias de esa l\u00ednea directa. Por nuestra forma de utilizar la tecnolog\u00eda y nuestra experiencia, fuimos elegidos para gestionar la l\u00ednea directa. Los socios fueron capaces de ver el valor de esta estructura. Realmente empez\u00f3 a fluir y a funcionar, y creo que fue entonces cuando gran parte de la comunidad dijo que comprend\u00eda el valor de CARPLS.<\/p>\n\n\n\n<p class=\"wp-block-paragraph\"><strong>\u00bfQu\u00e9 le ha sorprendido?<\/strong><\/p>\n\n\n\n<p class=\"wp-block-paragraph\">Estoy impresionado por el volumen de lo que estamos haciendo. Al principio eran unos pocos miles de personas al a\u00f1o, luego 12.000, despu\u00e9s 50.000 y ahora m\u00e1s de 85.000. Es mucha la ayuda que estamos prestando a la comunidad. Es mucha la ayuda que estamos prestando a la comunidad. Y las cuestiones legales aqu\u00ed son extremadamente desafiantes, y parte del desaf\u00edo es que estamos haciendo esto en volumen.<\/p>\n\n\n\n<p class=\"wp-block-paragraph\"><strong>Si tuviera que elegir tres grandes hitos de CARPLS a lo largo de nuestra historia, \u00bfcu\u00e1les ser\u00edan?<\/strong><\/p>\n\n\n\n<p class=\"wp-block-paragraph\">Cuando decidimos trabajar cara a cara en los juzgados, fue una decisi\u00f3n y un momento cruciales en nuestro crecimiento. Llev\u00f3 el modelo de servicios breves a los juzgados, donde no hab\u00edamos estado. Exigi\u00f3 un mayor nivel de cualificaci\u00f3n de nuestros abogados porque es m\u00e1s dif\u00edcil hablar con la gente en persona. Tambi\u00e9n creo que hizo a CARPLS mucho m\u00e1s visible.<\/p>\n\n\n\n<p class=\"wp-block-paragraph\">El segundo hito ser\u00eda cuando trasladamos nuestro sistema de gesti\u00f3n de clientes a la plataforma Salesforce. Los avances tecnol\u00f3gicos hab\u00edan llegado por fin a un lugar y un momento en el que pod\u00edamos aprovechar parte de esa gran tecnolog\u00eda, que era Salesforce. Eso nos llev\u00f3 a\u00f1os luz por delante de donde hab\u00edamos estado y nos llev\u00f3 a la esfera de ser capaces de realizar la promesa tecnol\u00f3gica de CARPLS que ten\u00edamos desde el principio.<\/p>\n\n\n\n<p class=\"wp-block-paragraph\">Y luego dir\u00eda que CARPLS gestion\u00f3 la l\u00ednea directa de IL-AFLAN. La idea de que la gente del estado, la gente que particip\u00f3 en la creaci\u00f3n de toda la red IL-AFLAN, pensara en nosotros para ser la puerta de entrada a toda la red fue una lecci\u00f3n de humildad y un gran reconocimiento y logro. Creo que es una de las cosas m\u00e1s positivas que hemos hecho aqu\u00ed en CARPLS. Mi padre era militar de carrera. Personalmente me gratifica mucho que ayudemos a los veteranos. <\/p>","protected":false},"excerpt":{"rendered":"<p>Pat Wrona es la Directora de Servicios Jur\u00eddicos de CARPLS y trabaja en CARPLS desde 1995. Supervisa un equipo de 50...<\/p>","protected":false},"author":6,"featured_media":1397,"parent":0,"menu_order":0,"comment_status":"closed","ping_status":"closed","template":"","meta":{"_acf_changed":false,"_EventAllDay":false,"_EventTimezone":"","_EventStartDate":"","_EventEndDate":"","_EventStartDateUTC":"","_EventEndDateUTC":"","_EventShowMap":false,"_EventShowMapLink":false,"_EventURL":"","_EventCost":"","_EventCostDescription":"","_EventCurrencySymbol":"","_EventCurrencyCode":"","_EventCurrencyPosition":"","_EventDateTimeSeparator":"","_EventTimeRangeSeparator":"","_EventOrganizerID":[],"_EventVenueID":[],"_OrganizerEmail":"","_OrganizerPhone":"","_OrganizerWebsite":"","_VenueAddress":"","_VenueCity":"","_VenueCountry":"","_VenueProvince":"","_VenueState":"","_VenueZip":"","_VenuePhone":"","_VenueURL":"","_VenueStateProvince":"","_VenueLat":"","_VenueLng":"","_VenueShowMap":false,"_VenueShowMapLink":false,"footnotes":""},"class_list":["post-1427","page","type-page","status-publish","has-post-thumbnail","hentry"],"acf":[],"_links":{"self":[{"href":"https:\/\/carpls.org\/es\/wp-json\/wp\/v2\/pages\/1427","targetHints":{"allow":["GET"]}}],"collection":[{"href":"https:\/\/carpls.org\/es\/wp-json\/wp\/v2\/pages"}],"about":[{"href":"https:\/\/carpls.org\/es\/wp-json\/wp\/v2\/types\/page"}],"author":[{"embeddable":true,"href":"https:\/\/carpls.org\/es\/wp-json\/wp\/v2\/users\/6"}],"replies":[{"embeddable":true,"href":"https:\/\/carpls.org\/es\/wp-json\/wp\/v2\/comments?post=1427"}],"version-history":[{"count":0,"href":"https:\/\/carpls.org\/es\/wp-json\/wp\/v2\/pages\/1427\/revisions"}],"wp:featuredmedia":[{"embeddable":true,"href":"https:\/\/carpls.org\/es\/wp-json\/wp\/v2\/media\/1397"}],"wp:attachment":[{"href":"https:\/\/carpls.org\/es\/wp-json\/wp\/v2\/media?parent=1427"}],"curies":[{"name":"wp","href":"https:\/\/api.w.org\/{rel}","templated":true}]}}

<div class="wp-block-columns is-layout-flex wp-container-core-columns-is-layout-8f761849 wp-block-columns-is-layout-flex">
<div class="wp-block-column is-layout-flow wp-block-column-is-layout-flow" style="flex-basis:33.33%">
<figure class="wp-block-image size-full"><img loading="lazy" decoding="async" width="736" height="878" src="https://carpls.org/wp-content/uploads/Screenshot-2024-02-19-at-5.17.59-PM.png" alt="" class="wp-image-1428" srcset="https://carpls.org/wp-content/uploads/Screenshot-2024-02-19-at-5.17.59-PM.png 736w, https://carpls.org/wp-content/uploads/Screenshot-2024-02-19-at-5.17.59-PM-251x300.png 251w, https://carpls.org/wp-content/uploads/Screenshot-2024-02-19-at-5.17.59-PM-10x12.png 10w" sizes="auto, (max-width: 736px) 100vw, 736px" /></figure>
</div>



<div class="wp-block-column is-layout-flow wp-block-column-is-layout-flow" style="flex-basis:66.66%">
<p class="wp-block-paragraph"><strong>Pat Wrona</strong> es la Directora de Servicios Jurídicos de CARPLS, donde trabaja desde 1995. Supervisa una plantilla de 50 personas que prestan servicios en trece áreas de práctica y realizan más de 85.000 consultas al año. Bajo su liderazgo, CARPLS se ha convertido en un líder nacional en la innovación de la prestación de servicios jurídicos. Pat es experta en derecho laboral y, durante la pandemia, creó BennyFits Illinois, un asistente virtual que ayuda a miles de personas a sortear el desempleo. Se aseguró de que CARPLS pasara sin problemas a un modelo virtual y amplió sus servicios para desempeñar un papel central en diversos proyectos, aportando una ayuda fundamental a muchas personas. Como profesora adjunta y a través de varias funciones de comité, Pat comparte su pasión por la ley de interés público. En 2022, Pat recibió el Premio Thomas H. Morsch al Servicio Público. </p>
</div>
</div>



<p class="wp-block-paragraph"><strong>¿Cómo fue empezar en CARPLS, que era la primera organización de este tipo?</strong></p>



<p class="wp-block-paragraph">Empecé en octubre de 1995. Había trabajado en grandes despachos de abogados y dos años antes había fundado mi propio bufete con un socio. Y una cosa que era muy importante para mí, que no había podido hacer en los bufetes en los que había trabajado, era el trabajo pro bono. Lo que había hecho pro bono no se fomentaba en esa época, así que siempre quise hacer algo que devolviera a la comunidad. Había trabajado en la clínica jurídica de mi facultad de Derecho en DePaul y me había gustado el trabajo. Y al tener mi propio bufete, me llegaba gente que no podía pagarme. Así que, en cierto modo, estaba haciendo pro bono involuntario para algunos clientes, y me di cuenta de la gran necesidad que había.</p>



<p class="wp-block-paragraph"><strong>¿Cómo conoció CARPLS?</strong></p>



<p class="wp-block-paragraph">Vi un anuncio en el Chicago Daily Law Bulletin que buscaba abogados de asistencia jurídica en una organización llamada CARPLS. Pensé que sería divertido hablar en una línea de asistencia jurídica. Y realmente me encantó la visión de MaryAnn Sarosi. En aquel entonces, todo el mundo trabajaba a tiempo parcial, no era realmente una carrera para nadie. Éramos una especie de personal itinerante. Usábamos un programa DOS, bastante avanzado para la época. Hablábamos con los clientes, analizábamos su situación y los derivábamos a otro programa de asistencia jurídica. Cuando CARPLS empezó, éramos los nuevos, el chico nuevo de la ciudad. Siempre nos llamaba mucha gente y tratábamos de trabajar rápido, pero entonces era más difícil porque no teníamos la tecnología que nos respaldaba. Bromeamos mucho sobre cómo eran los viejos tiempos. Recibíamos una especie de formación intensiva de dos semanas sobre todas las áreas del Derecho, y nos daban un montón de folletos. Cuando recibíamos una llamada sobre un tema, pasábamos a esa materia. Fue una época muy diferente, pero muy divertida. Sabíamos que estábamos haciendo algo nuevo, diferente y creativo. Y aunque lo hacía un día a la semana, los miércoles, realmente encendió en mí un fuego sobre el trabajo de interés público que nunca había tenido la oportunidad de hacer mucho debido a mi formación.</p>



<p class="wp-block-paragraph"><strong>¿Cómo acabó siendo Director Jurídico?</strong></p>



<p class="wp-block-paragraph">Me convertí en Director Jurídico en el verano de 2007. Con el paso de los años me he ido sintiendo cada vez más atraído.</p>



<p class="wp-block-paragraph">Lo que hacemos aquí es convincente, realmente convincente. Sólo quería participar en el papel fundamental que desempeñamos aquí. Porque he llegado a comprender realmente cómo el acceso a la justicia tiene que empezar por tener la oportunidad de hablar con un abogado. No hay acceso a la justicia sin esa primera pieza. 60% de las personas que nos llaman no han hablado nunca con un abogado en su vida, y eso me parece un error teniendo en cuenta la cantidad de problemas jurídicos que existen.</p>



<p class="wp-block-paragraph">Podemos ser muy tecnológicos y podemos hacer zoom con la gente, pero lo que está en el corazón de lo que hacemos es esa relación personal, de ida y vuelta, entre abogado y cliente. Y creo que muchas de las personas que trabajan aquí obtienen una gran satisfacción personal de ese tipo de encuentro personal que tenemos.</p>



<p class="wp-block-paragraph"><strong>¿En qué se diferenciaba el funcionamiento de entonces del actual?</strong></p>



<p class="wp-block-paragraph">Creo que CARPLS cambió mucho a principios de la década de 2000. Porque mucha gente que trabajaba a tiempo parcial pasó a hacerlo a tiempo completo. También hemos mantenido siempre mucha flexibilidad. Nos convertimos en un lugar propicio para tener hijos y ser abogado al mismo tiempo, para la gente que trabajaba aquí y que tenía hijos pequeños y podía trabajar a tiempo parcial. No había muchas oportunidades para eso en aquella época, y yo diría que todavía no las hay. Así que ha sido un buen hilo conductor.</p>



<p class="wp-block-paragraph"><strong>¿Cuándo empezó a sentir que CARPLS era un líder en asistencia jurídica, el servicio de primera línea que describimos ahora?</strong></p>



<p class="wp-block-paragraph">Parece como si hubiéramos pasado buena parte de los primeros 20 años demostrando nuestra necesidad y nuestro valor, que lo que hacíamos ayudaba al panorama de la asistencia jurídica. Estábamos encantados de hacer siempre una derivación, y las que podíamos hacer solían ser buenas derivaciones, así que creo que esa buena voluntad se fue acumulando con el tiempo.</p>



<p class="wp-block-paragraph">Durante un tiempo, todo el mundo en la asistencia jurídica estaba haciendo su cosa, y hacerlo muy bien, pero sin mucha conectividad entre ellos, y luego en 2017 IL-AFLAN llegó. Y ahora el sistema estaba respaldando este tipo de concepto, que va a haber una puerta de entrada, y CARPLS va a hacer los servicios legales breves, análisis y asesoramiento. Y luego va a haber socios de la red que van a tomar referencias de esa línea directa. Por nuestra forma de utilizar la tecnología y nuestra experiencia, fuimos elegidos para gestionar la línea directa. Los socios fueron capaces de ver el valor de esta estructura. Realmente empezó a fluir y a funcionar, y creo que fue entonces cuando gran parte de la comunidad dijo que comprendía el valor de CARPLS.</p>



<p class="wp-block-paragraph"><strong>¿Qué le ha sorprendido?</strong></p>



<p class="wp-block-paragraph">Estoy impresionado por el volumen de lo que estamos haciendo. Al principio eran unos pocos miles de personas al año, luego 12.000, después 50.000 y ahora más de 85.000. Es mucha la ayuda que estamos prestando a la comunidad. Es mucha la ayuda que estamos prestando a la comunidad. Y las cuestiones legales aquí son extremadamente desafiantes, y parte del desafío es que estamos haciendo esto en volumen.</p>



<p class="wp-block-paragraph"><strong>Si tuviera que elegir tres grandes hitos de CARPLS a lo largo de nuestra historia, ¿cuáles serían?</strong></p>



<p class="wp-block-paragraph">Cuando decidimos trabajar cara a cara en los juzgados, fue una decisión y un momento cruciales en nuestro crecimiento. Llevó el modelo de servicios breves a los juzgados, donde no habíamos estado. Exigió un mayor nivel de cualificación de nuestros abogados porque es más difícil hablar con la gente en persona. También creo que hizo a CARPLS mucho más visible.</p>



<p class="wp-block-paragraph">El segundo hito sería cuando trasladamos nuestro sistema de gestión de clientes a la plataforma Salesforce. Los avances tecnológicos habían llegado por fin a un lugar y un momento en el que podíamos aprovechar parte de esa gran tecnología, que era Salesforce. Eso nos llevó años luz por delante de donde habíamos estado y nos llevó a la esfera de ser capaces de realizar la promesa tecnológica de CARPLS que teníamos desde el principio.</p>



<p class="wp-block-paragraph">Y luego diría que CARPLS gestionó la línea directa de IL-AFLAN. La idea de que la gente del estado, la gente que participó en la creación de toda la red IL-AFLAN, pensara en nosotros para ser la puerta de entrada a toda la red fue una lección de humildad y un gran reconocimiento y logro. Creo que es una de las cosas más positivas que hemos hecho aquí en CARPLS. Mi padre era militar de carrera. Personalmente me gratifica mucho que ayudemos a los veteranos. </p>

<p>Pat Wrona es la Directora de Servicios Jurídicos de CARPLS y trabaja en CARPLS desde 1995. Supervisa un equipo de 50...</p>
